f v?
1
Let m(i) = 3*i**2 + 15*i - 37. Let n be m(8). Suppose 3*s - 827 = 2*u, -3*s + 2*s + n = -u. What is the tens digit of s?
7
Let y(v) = v**2 + 12*v + 23. Let f be y(-10). Let b(t) = 6*t - 13. What is the units digit of b(f)?
5
Let r(a) = 159*a - 16. What is the hundreds digit of r(8)?
2
Let u(m) = -m**3 - 4*m**2 + 8*m + 8. Let f = 5 - 8. Let q(p) = -p**3 - 4*p**2 + 9*p + 9. Let i(v) = f*u(v) + 2*q(v). What is the tens digit of i(-4)?
1
Suppose 4*a - 6431 = -5*i, -i - 28*a + 1271 = -31*a. What is the tens digit of i?
8
Let z(c) = 24*c**2 - 14*c + 29. What is the hundreds digit of z(3)?
2
Let h(n) = 22*n**3 - 2*n**2 - 4*n - 3. What is the hundreds digit of h(3)?
5
Let k = -85 + 55. Let m = 23 + k. Let y = 22 + m. What is the tens digit of y?
1
Let l(p) = 8*p - 20. Suppose 2*o + 0*o = 14. Let z be l(o). Suppose 8*i - 5*i - z = 0. What is the units digit of i?
2
Let i(l) = l**3 + 8*l**2 - 10*l + 13. Let s be i(-9). Let t = s - 26. Let q(y) = -y**3 + 4*y + 6. What is the units digit of q(t)?
4
Let k(j) = -9 + 15 + 3 + j**2. What is the units digit of k(-5)?
4
Let m(o) = 121*o**3 - 8*o**2 + 9*o + 13. Let v(i) = -30*i**3 + 2*i**2 - 2*i - 3. Let t(u) = -2*m(u) - 9*v(u). What is the units digit of t(1)?
7
Suppose 2117 + 718 = 15*w. Let n = 54 - 15. Suppose -n + w = 5*d. What is the tens digit of d?
3
Let k(u) be the second derivative of 29*u**5/20 - u**4/6 - 3*u**2/2 - 21*u. What is the tens digit of k(2)?
2
Suppose 4 = -q - d, 4*q = 4*d - d - 30. What is the units digit of 1*4*(-81)/q?
4
Suppose -5*f + 2474 = -2*u - 10285, -2*f = 3*u - 5115. What is the thousands digit of f?
2
Suppose 40 = 4*a - 0*a. Let k(f) = f**2 - 23*f - a - 24*f + 0*f**2 + 50*f. What is the units digit of k(-9)?
4
Let s = -17 - -15. What is the units digit of -1 - s - (-6 + -28)?
5
Let n(y) = -y**3 - 2*y**2 + 3*y + 12. Let t be n(-6). Suppose -2*o + 56 = -2*h, 0 = 3*o + 5*h - t + 22. What is the units digit of o?
2
Let g be (-17 - -15)/(4/18). Let v = 6 + g. What is the tens digit of 100/(v/(-1) + -1)?
5
Suppose -5*s = -3*k - 2962, 5*s - 2*k - 3734 + 776 = 0. Suppose -f + s = 4*f. Suppose g - 4*g = 3*i - 168, 0 = -2*g - 5*i + f. What is the tens digit of g?
5
Let r be (-9)/(36/(-8))*1. Suppose 0 = 4*z - 4*a - 396, 0 = -r*z + 5*a + 85 + 128. What is the tens digit of z?
9
Suppose 0*g - 19 = -2*c + 3*g, 3*c - 56 = -g. Suppose 4*l - c = 3. What is the tens digit of 19/95 - (-194)/l?
3
Let k(q) = 303*q + 1. Let a be k(1). Suppose -3*v = 6, -7*f + a = -2*f - 2*v. Let s = -31 + f. What is the tens digit of s?
2
Let a(x) = x**3 - 9*x**2 + 8*x + 3. Let c be a(8). Suppose 0 = -5*s - 2*g + 6*g + 255, -c*g - 15 = 0. What is the tens digit of s?
4
Let q = 307 + -587. Let b = 492 + q. What is the units digit of b?
2
Let i(a) = -a + 90. Let f be i(0). Let w = f + 54. What is the hundreds digit of w?
1
Let n be 3/2 + ((-195)/6)/(-1). Suppose 0 = 6*x - 632 - n. What is the tens digit of x?
1
Let j = 4960 - 3371. What is the thousands digit of j?
1
Let i(o) = -o**3 + 6*o**2 + 4*o + 8. Let p be i(7). Let q = 57 + p. Suppose 0 = 5*c - 2*d - 45 - 29, 2*c + 4*d - q = 0. What is the tens digit of c?
1
Suppose 9*d - 5159 + 2783 = 0. What is the units digit of d?
4
Let b be (-15)/25 - 1606/(-10). Suppose -b = y + 4*y. Let t = -23 - y. What is the units digit of t?
9
Let r(l) = 1 - l - 7 + 0*l - 1. Let s be r(0). Let c = s - -10. What is the units digit of c?
3
Let c(a) = 32*a + 4. Let l(t) = 65*t + 9. Let q(d) = -5*c(d) + 2*l(d). What is the units digit of q(-1)?
8
What is the hundreds digit of 1*39281/(-99)*18/(-2)?
5
Let c be (-3)/9*1*-30. Suppose -4*n + c = n. Let v = 0 + n. What is the units digit of v?
2
What is the tens digit of (-14610 - -2)/(-11) - -10?
3
Suppose 3*r - 58 = 11. Suppose -r = -4*w + 9. What is the units digit of w?
8
Let h = -23 + 8. Suppose 0 = -z - 23 + 9. Let u = z - h. What is the units digit of u?
1
Let d = -1287 - -2816. What is the tens digit of d?
2
Let a(l) = -l**3 + 5*l**2 - 4*l + 9. Let g be a(4). Suppose -4*x = -g*x. Suppose x = 4*y - y - 9. What is the units digit of y?
3
Let q(u) = -u**3 - 4*u**2 + u. Let s be q(-4). What is the units digit of (s + 90)/(3 + -2) + -1?
5
Suppose 5*k + 0*g = g + 13, 2*g = -2*k + 10. Suppose 0 = 3*d - 4*b - 7, 0 = k*b + 2*b - 10. Suppose d*q = -23 + 233. What is the units digit of q?
2
What is the tens digit of 9 - 264/32 - (-578)/8?
7
Suppose -3*d + 8*d = -5*u + 3260, 4*u - 1312 = -2*d. What is the tens digit of d?
4
Suppose 2*n - 2*a - 805 - 2279 = 0, -3*n + 5*a = -4622. What is the tens digit of n?
4
Suppose 26 = 38*p - 40*p. Let u(r) = -r**3 - 12*r**2 + 13*r + 40. What is the units digit of u(p)?
0
Suppose 48*n - 24*n - 22512 = 0. What is the hundreds digit of n?
9
Suppose -y + 56 = 3*y. Let o(v) = -v**3 + 15*v**2 - 14*v + 3. Let m be o(y). Suppose m*p = -2*q - 2*q + 256, -205 = -3*q + p. What is the tens digit of q?
6
Let f(c) = -c**3 + 2*c**2 + 6*c - 6. Let j be f(3). Suppose 4*a = j + 1, -3*a + 17 = q. What is the tens digit of q?
1
Let h be (6/(-8))/(-1) + 10/8. Suppose -a = -j - j + 506, h*a + 504 = 2*j. What is the hundreds digit of j?
2
Let n = 3281 + -877. What is the hundreds digit of n?
4
Suppose -13788 = -19*j + 2039. What is the tens digit of j?
3
Let g be 290 + -6*(2 - (-3)/(-2)). Let s = -133 + g. What is the hundreds digit of s?
1
Let j = -1157 + 2355. What is the thousands digit of j?
1
Let k(s) = s**3 + 19*s**2 + 25. Suppose -3*u - 4*a = 20 + 25, u + 10 = -3*a. What is the tens digit of k(u)?
2
Let x(o) = 12*o - 22*o + 12*o + 6 - o**2. Let y be x(3). Let c(z) = 4*z**3 - 3*z**2 - 4*z + 5. What is the tens digit of c(y)?
7
Let u = 14 - 14. Suppose -2*f = -3*l - 17, -5 = -f - u*f - 2*l. Let d = 14 + f. What is the units digit of d?
1
Let y(h) be the third derivative of -17*h**4/12 + 8*h**3/3 + 24*h**2. What is the hundreds digit of y(-4)?
1
Let f(w) = -w**2 + 9*w + 31. Let o(u) = u**2 - 5*u - 16. Let q(r) = 3*f(r) + 7*o(r). What is the units digit of q(-4)?
7
Let y be ((-6)/((-18)/(-3297)))/(-4 + 3). Suppose 13*i - 20*i + y = 0. What is the units digit of i?
7
Let c(q) = q**2 - 14*q - 35. Let x be c(15). What is the tens digit of (-5)/(x/16) - -152?
5
Suppose -3*m = 3*t - 4305, 5*t - 7181 = -7*m + 4*m. What is the hundreds digit of t?
4
Suppose 9*o + 3*j - 78 = 4*o, -3*o = 4*j - 49. Let r = 47 + o. What is the units digit of r?
2
Let c(d) = 4*d**2 + 19*d + 85. What is the thousands digit of c(14)?
1
Let t = 14 + -9. Let j(b) = -b**2 - 8*b. Let z be j(-4). Let g = z - t. What is the units digit of g?
1
Let d = 60 + -56. Suppose o + 17 = 2*x, d*x - 44 = -o - 1. What is the units digit of x?
0
What is the units digit of 3905 - (9/4)/((-60)/160)?
1
Let s(y) = 6*y + 862. What is the tens digit of s(0)?
6
Let y = 31 + -28. Let o(m) = -3*m**3 + m**2 - 3*m - 3. Let l be o(y). Let q = -60 - l. What is the units digit of q?
4
Let y(u) = -u**3 + 7*u**2 - u - 14. Let n be 2/(-6)*-3 + 5. Let q be y(n). Suppose -h = -q + 6. What is the units digit of h?
0
Let y = 80 - 47. What is the units digit of y?
3
Let i = 7 - 1. Suppose -i*a + 3*a + 9 = 0. What is the units digit of a?
3
Let l = -16 + 20. Suppose -63 = -l*j + 4*d + 17, 2*d = 3*j - 57. Suppose 5*i - 3 = j. What is the units digit of i?
4
Let s(a) = a**3 + 7*a**2 - 11*a. Let g be s(-8). Suppose -3*q + 8 = -1. Suppose b - g = -q*b. What is the units digit of b?
6
Let h be (100/(-35) + 2)*(-14)/(-1). What is the units digit of h/(((-36)/(-64))/(-3))?
4
Suppose -6*v - 30 = -5*t - v, -2*t + 4 = -4*v. Let y be (-2)/5 - (-4)/t. Suppose -59 = -3*u - 5*g, -2*u + 18 = -y*g - 2*g. What is the tens digit of u?
1
Let a = -517 + 926. What is the units digit of a?
9
Suppose -7*y = -2*y - 30. Suppose 25 = -k + y*k. Suppose 2*r - k*o - 82 = 0, 0 = 4*r - o + 4*o - 112. What is the tens digit of r?
3
Suppose 37 - 2 = p. Let b = p + -19. What is the units digit of 316/b - (-2)/8?
0
Let k = 31 + -18. Suppose -5*m + 453 - k = 0. Suppose -7*a + 3*a = -m. What is the units digit of a?
2
Suppose -20*a + 31857 = a. What is the tens digit of a?
1
Let g = -29 + 35. Let o(r) = 2*r**3 - 9*r**2 + 11*r + 3. What is the tens digit of o(g)?
7
Let t(f) be the first derivative of 2*f**3/3 - f**2 + f - 3. Let h be t(1). What is the units digit of 3 - (-6 - -2)/h?
7
Suppose 2*g = -q + 927, 2786 = 4*q - q +